housands digit of 1552139?
5
What is the units digit of 777556?
6
What is the hundreds digit of 10007553?
5
What is the ten thousands digit of 228207?
2
What is the units digit of 6920848?
8
What is the ten thousands digit of 1799127?
9
What is the millions digit of 7300383?
7
What is the hundred thousands digit of 187902?
1
What is the tens digit of 7643174?
7
What is the hundred thousands digit of 6211430?
2
What is the tens digit of 6360527?
2
What is the hundreds digit of 279272?
2
What is the units digit of 593660?
0
What is the thousands digit of 33725?
3
What is the millions digit of 8084375?
8
What is the hundred thousands digit of 3194576?
1
What is the hundred thousands digit of 181726?
1
What is the units digit of 879212?
2
What is the tens digit of 3289926?
2
What is the units digit of 762857?
7
What is the hundreds digit of 253821?
8
What is the thousands digit of 218113?
8
What is the hundred thousands digit of 9119097?
1
What is the ten thousands digit of 10561?
1
What is the units digit of 14041510?
0
What is the ten thousands digit of 2540368?
4
What is the units digit of 919362?
2
What is the hundreds digit of 18494947?
9
What is the ten thousands digit of 665428?
6
What is the ten thousands digit of 363337?
6
What is the ten thousands digit of 2916113?
1
What is the thousands digit of 588033?
8
What is the hundreds digit of 972858?
8
What is the ten thousands digit of 1453067?
5
What is the hundreds digit of 2724?
7
What is the tens digit of 312181?
8
What is the tens digit of 1658598?
9
What is the tens digit of 1217165?
6
What is the thousands digit of 2857010?
7
What is the hundreds digit of 1630223?
2
What is the hundred thousands digit of 9702652?
7
What is the units digit of 223752?
2
What is the hundred thousands digit of 4730250?
7
What is the thousands digit of 484371?
4
What is the tens digit of 13188778?
7
What is the tens digit of 4482519?
1
What is the ten thousands digit of 701748?
0
What is the hundred thousands digit of 512366?
5
What is the ten thousands digit of 71647?
7
What is the units digit of 2151830?
0
What is the ten thousands digit of 586822?
8
What is the ten thousands digit of 284933?
8
What is the thousands digit of 347157?
7
What is the hundreds digit of 9545322?
3
What is the hundred thousands digit of 1823896?
8
What is the thousands digit of 665574?
5
What is the units digit of 277582?
2
What is the tens digit of 385941?
4
What is the tens digit of 4482246?
4
What is the ten thousands digit of 7571094?
7
What is the hundreds digit of 18531?
5
What is the hundreds digit of 38692?
6
What is the hundreds digit of 20587?
5
What is the tens digit of 12065074?
7
What is the tens digit of 7464928?
2
What is the millions digit of 4391331?
4
What is the units digit of 15050399?
9
What is the hundreds digit of 4418811?
8
What is the hundreds digit of 110262?
2
What is the units digit of 59201?
1
What is the units digit of 17882904?
4
What is the hundreds digit of 2004442?
4
What is the thousands digit of 212600?
2
What is the hundreds digit of 237580?
5
What is the thousands digit of 523488?
3
What is the units digit of 1880860?
0
What is the units digit of 279559?
9
What is the hundred thousands digit of 142500?
1
What is the millions digit of 5252391?
5
What is the ten thousands digit of 131633?
3
What is the thousands digit of 32841343?
1
What is the thousands digit of 815369?
5
What is the thousands digit of 18976087?
6
What is the ten millions digit of 30602996?
3
What is the hundred thousands digit of 419177?
4
What is the thousands digit of 290391?
0
What is the thousands digit of 560249?
0
What is the ten thousands digit of 9379210?
7
What is the tens digit of 236070?
7
What is the tens digit of 1321254?
5
What is the tens digit of 633163?
6
What is the millions digit of 5947694?
5
What is the hundreds digit of 11379051?
0
What is the hundreds digit of 4005166?
1
What is the hundreds digit of 662678?
6
What is the tens digit of 878048?
4
What is the hundred thousands digit of 6380314?
3
What is the tens digit of 122630?
3
What is the ten thousands digit of 10141268?
4
What is the millions digit of 4272645?
4
What is the millions digit of 6042246?
6
What is the hundreds digit of 21961504?
5
What is the tens digit of 9068168?
6
What is the hundreds digit of 4393984?
9
What is the ten thousands digit of 303832?
0
What is the hundreds digit of 12983?
9
What is the thousands digit of 13038482?
8
What is the hundred thousands digit of 555973?
5
What is the hundreds digit of 464168?
1
What is the units digit of 17914?
4
What is the tens digit of 6694943?
4
What is the tens digit of 272177?
7
What is the units digit of 10707?
7
What is the ten thousands digit of 30253099?
5
What is the hundred thousands digit of 22632370?
6
What is the thousands digit of 509922?
9
What is the ten thousands digit of 45498?
4
What is the ten thousands digit of 3831201?
3
What is the hundreds digit of 2267178?
1
What is the hundred thousands digit of 886264?
8
What is the tens digit of 1747673?
7
What is the tens digit of 517482?
8
What is the thousands digit of 715714?
5
What is the hundreds digit of 22706431?
4
What is the millions digit of 9856965?
9
What is the units digit of 318836?
6
What is the hundreds digit of 28653?
6
What is the millions digit of 1147695?
1
What is the units digit of 516986?
6
What is the ten thousands digit of 3307482?
0
What is the ten thousands digit of 5617530?
1
What is the hundred thousands digit of 170676?
1
What is the millions digit of 1247303?
1
What is the hundreds digit of 41583?
5
What is the hundred thousands digit of 436951?
4
What is the ten thousands digit of 5420184?
2
What is the thousands digit of 20213517?
3
What is the tens digit of 29806358?
5
What is the units digit of 359144?
4
What is the units digit of 665149?
9
What is the thousands digit of 103273?
3
What is the units digit of 31146?
6
What is the units digit of 1250715?
5
What is the hundred thousands digit of 379536?
3
What is the ten thousands digit of 6333595?
3
What is the tens digit of 9518?
1
What is the tens digit of 4149721?
2
What is the thousands digit of 1316208?
6
What is the hundred thousands digit of 2284559?
2
What is the units digit of 6386256?
6
What is the ten millions digit of 13655744?
1
What is the ten thousands digit of 617668?
1
What is the hundred thousands digit of 710733?
7
What is the tens digit of 5492016?
1
What is the tens digit of 36728?
2
What is the tens digit of 3272879?
7
What is the hundred thousands digit of 7903528?
9
What is the tens digit of 1525068?
6
What is the thousands digit of 546847?
6
What is the ten millions digit of 38623379?
3
What is the hundred thousands digit of 3827281?
8
What is the millions digit of 31138812?
1
What is the tens digit of 3970854?
5
What is the hundred thousands digit of 11221440?
2
What is the hundred thousands digit of 311667?
3
What is the ten thousands digit of 150667?
5
What is the hundreds digit of 3121008?
0
What is the ten thousands digit of 1303143?
0
What is the ten thousands digit of 15105480?
0
What is the thousands digit of 2417202?
7
What is the units digit of 1101754?
4
What is the thousands digit of 5295478?
5
What is the hundreds digit of 24179036?
0
What is the units digit of 194852?
2
What is the hundreds digit of 2043631?
6
What is the thousands digit of 335365?
5
What is the thousands digit of 196673?
6
What is the millions digit of 10184763?
0
What is the ten thousands digit of 553676?
5
What is the hundreds digit of 7033500?
5
What is the tens digit of 6115127?
2
What is the hundreds digit of 264325?
3
What is the hundred thousands digit of 334641?
3
What is the tens digit of 170984?
8
What is the tens digit of 8989430?
3
What is the tens digit of 37591?
9
What is the tens digit of 6836905?
0
What is the hundred thousands digit of 138252?
1
What is the units digit of 351570?
0
What is the thousands digit of 296617?
6
What is the tens digit of 52859?
5
What is the tens digit of 64246?
4
What is the hundred thousands digit of 2113674?
1
What is the hundred thousands digit of 28032539?
0
What is the hundred thousands digit of 448942?
4
What is the hundred thousands digit of 723819?
7
What is the thousands digit of 27898